)?
11
Let k(p) = -p - 2. Let z be (10/6)/((-2)/12). Calculate the remainder when 22 is divided by k(z).
6
Let u be -1 - (3 + (-2 - -1)). Let b = 40 - u. What is the remainder when b is divided by 11?
10
Let m(a) = a**2 + 7*a + 13. Calculate the remainder when 50 is divided by m(-7).
11
Suppose -21 = -4*s - 3*w, -w = s + 4*s - 18. Calculate the remainder when ((-8)/(-3))/((-12)/(-18)) is divided by s.
1
Let u(i) = 3*i**3 - 6*i**2 + 9*i + 2. Calculate the remainder when u(3) is divided by 22.
12
Suppose 2*k - 6*k + 4 = 0. What is the remainder when ((-12)/k)/(-2 - -1) is divided by (4/(-6))/(4/(-42))?
5
Suppose 0 = -2*f + 5*k - 13, 1 = f + 4*k - 12. Suppose -f = 2*h - 5. Calculate the remainder when 2 is divided by h.
0
Suppose 7*h - 57 = 111. Calculate the remainder when h is divided by 15.
9
Let x(w) = 23*w - 1. Let h be x(-2). Let s = -30 - h. Suppose -67 = -3*k + 29. What is the remainder when k is divided by s?
15
Let a = -54 - -111. Calculate the remainder when a is divided by 9.
3
Let t = -8 + 12. Suppose 2*u + t*a - 93 = -a, 0 = -2*u + 2*a + 86. Calculate the remainder when u is divided by 15.
14
Let z(m) = m**2 + 7*m + 8. Let k be z(-6). Suppose -k*t = -t - 2. Suppose -2*q = -v + 13 - 4, -3*v = t*q - 27. What is the remainder when 17 is divided by v?
8
Suppose -2*d - 18 = d. Let g = 4 - d. Let y = -25 - -43. What is the remainder when y is divided by g?
8
Suppose 0*p = p - 10. Let r = -35 - 10. Let x = -17 - r. Calculate the remainder when x is divided by p.
8
Let t be 0/(-4*(-3)/6). Suppose q + t*g = -4*g + 9, -3 = -q + 2*g. Calculate the remainder when q is divided by (-2)/(-6) + (-10)/(-6).
1
Suppose 8 = 2*r - 6. What is the remainder when r is divided by 6?
1
Let x = -2 + 4. Suppose x*s + 2*s = 72. Calculate the remainder when 35 is divided by s.
17
Let j(w) = -w**2 + 7*w - 3. Let z be j(6). Let a(c) = -c - 1. Let u be a(z). What is the remainder when 1 is divided by u/(-2) + (0 - 1)?
0
Let o = 53 - 28. What is the remainder when 147 is divided by o?
22
Let s(j) = -j**3 - 8*j**2 - 6*j - 8. What is the remainder when s(-8) is divided by 14?
12
Let n(m) = 15*m**2 + 3*m + 3. Let a be n(-3). Suppose 3*o = -0*o + a. Let q(w) = 15*w. What is the remainder when o is divided by q(1)?
13
Let w(c) = c**2 - 3*c + 4. Let z be w(5). Suppose -4 = 3*l - v, -3*v = -3*l - 7*v - 29. Calculate the remainder when 12 is divided by (l + 5)/(4/z).
5
Let m = 32 - 4. Let f(w) = w + 2. Let u be f(6). Suppose a - 2*z = 14, 2*z + 32 = 2*a + u. Calculate the remainder when m is divided by a.
8
Calculate the remainder when 161 + -1 + -1 + 0 is divided by 40.
39
Let r(p) = p + 19. Let g be r(-13). Let i = 11 - g. Suppose 5*s = 2*u - 24, 0 = i*u - 3*u + 5*s + 16. What is the remainder when 3 is divided by u?
1
Let p = 31 + -14. Let u(h) = -h**2 + 1. Let x(d) = -6*d**2 + d - 2. Let t(s) = 5*u(s) - x(s). Calculate the remainder when t(-6) is divided by p.
15
Let r(t) = 11*t**2 - t. Calculate the remainder when (6/14)/(19/2527) is divided by r(-1).
9
Let g(h) be the third derivative of h**4/3 - 19*h**3/6 - 6*h**2. Calculate the remainder when g(9) is divided by 18.
17
Let g = -205 + 223. Calculate the remainder when 58 is divided by g.
4
Suppose 2*l = -3*l + 200. Suppose 70 = 4*p - 14. Calculate the remainder when l is divided by p.
19
Suppose 50 = 7*k + 1. What is the remainder when (-41)/(-2) - (-3)/(-2) is divided by k?
5
Let d = -29 + 55. Suppose 5*g = 5*a - 77 + 17, 0 = -2*a - 5*g + 38. Calculate the remainder when d is divided by a.
12
Let q(u) be the second derivative of -2*u**3/3 - u**2/2 + 2*u. Calculate the remainder when -1 + (-3)/1 + 35 is divided by q(-3).
9
Suppose 10*c + 59 = 169. Calculate the remainder when 31 is divided by c.
9
Suppose 0 = a - 38 + 12. Calculate the remainder when a is divided by 9.
8
Suppose p + 5*d + 11 = -4, 0 = -3*p + 5*d + 15. Suppose p = 2*z - 28 - 24. What is the remainder when z is divided by 14?
12
Let z(h) = -h**2 - 7*h + 2. Let s be z(-7). Suppose -2*v = -v - s. What is the remainder when 43 is divided by (v/2)/((-4)/(-60))?
13
Let f = 92 - 56. Suppose -4*j + 0*j + f = 0. Suppose 3*l - 85 = -2*l. Calculate the remainder when l is divided by j.
8
Let h = 138 + -59. What is the remainder when h is divided by 20?
19
Suppose -3*m + 3*u + 231 = 0, -m - 3*u + 76 = -5*u. Calculate the remainder when m is divided by 20.
18
Let a(g) = -g**3 + 17*g**2 - 15*g + 11. What is the remainder when a(16) is divided by 10?
7
Let o(w) = 2*w**3 - 2*w**2 + 2*w - 6. Calculate the remainder when o(4) is divided by 33.
32
Let n = 0 + 3. Let q(t) = -2*t - 6. Let y(m) = -m - 5. Let d(z) = -4*q(z) + 5*y(z). What is the remainder when d(3) is divided by n?
2
Suppose -2*f - 266 = -4*p, -2*p + 9*f - 4*f + 137 = 0. Calculate the remainder when p is divided by 35.
31
Let z = 7 + -3. Suppose z*l = 11 - 3. What is the remainder when l is divided by 2?
0
Suppose -n - 2*v = -6, -3*v = 2*n - 0*v - 7. Let z be (-2)/(-8) + 17/n. Let l(a) = 2*a**2 + 5*a - 1. What is the remainder when l(z) is divided by 6?
5
Suppose 0 = 2*f - 3*f + 22. Let b(j) = -8*j**3 - j**2 + 1. Suppose -t - 2 = t. Calculate the remainder when f is divided by b(t).
6
Let p be (-1)/(-4) - 1052/(-16). Let v(j) = 5*j**2 - 3*j + 2. Let f be v(2). Suppose p - f = 5*z. Calculate the remainder when z is divided by 4.
2
Let c = 19 + 73. What is the remainder when c is divided by 19?
16
Calculate the remainder when 46 is divided by 1/(4 + 47/(-12)).
10
Let z(m) = m**2 - m - 82. What is the remainder when z(15) is divided by 26?
24
Suppose -2*f - 15 = -7*f. Let j(x) = x**3 + 4*x**2 + x + 5. Let a be j(-4). Let m = a - -1. Calculate the remainder when f is divided by m.
1
Suppose 5*q - 3*q - 68 = 0. Calculate the remainder when q is divided by 12.
10
Let y(q) = -q**2 - 11*q - 7. Let j be y(-8). Let i = j - 12. Suppose i*o - 2*r = -3*r + 20, 0 = -r. Calculate the remainder when 10 is divided by o.
2
Let b = 61 - 50. Calculate the remainder when 131 is divided by b.
10
Suppose 0 = -p + 2*v + 11, -2*p + 0*v = -2*v - 14. Let f(s) = 3*s**3 - 2*s**2 - 3*s - 1. Calculate the remainder when f(p) is divided by 18.
17
Suppose -3*g + 9 = 3*z, -4*g - 2*z - z = -13. Let l(j) = -j**3 + 4*j**2 + 4*j + 4. Suppose 22 = 3*a - 11. What is the remainder when l(g) is divided by a?
9
Suppose 4*z - 2*z - 4*v = 28, 4*z - 47 = 5*v. What is the remainder when 26 is divided by z?
2
What is the remainder when 3/(4/3 + -1) is divided by 4?
1
Suppose g + 3*g - 20 = 0. Let j(a) = -2*a - 5. Calculate the remainder when j(-9) is divided by g.
3
Let b = 6 - 4. Let l = 13 - b. What is the remainder when 20 is divided by l?
9
Suppose -13 = -2*x - 5. Suppose -10 = x*w - 5*w. What is the remainder when 28 is divided by w?
8
Let z(m) = 1 - 6*m - 3*m - 2*m - 3*m. Let o be ((-1)/3)/(2/6). What is the remainder when 29 is divided by z(o)?
14
Suppose b = 2*t - 19, -15 = 5*b - 0*b. Suppose -v - t = -3*v. Suppose 7*g - v*g = 27. Calculate the remainder when g is divided by 5.
4
Let l(y) = 46*y**3 + y**2 - 2*y + 2. Suppose 5*p + 3*g + 7 - 72 = 0, 5*g = -4*p + 39. Calculate the remainder when l(1) is divided by p.
15
Suppose -v + 60 = 4*v. Calculate the remainder when 17 is divided by v.
5
Suppose 5*q - 3*k - 517 = -0*k, -2*q + 198 = k. Calculate the remainder when q is divided by 34.
33
Suppose 2*r - 24 = -2*r. Let l = -12 - -22. What is the remainder when l is divided by r?
4
Let z be 28/(-2) + 2 + -1. Let j = 26 + z. What is the remainder when 50 is divided by j?
11
Suppose -2*r + 2 = -0*r. Suppose 3*n - 6 = -n - 2*x, -x = -r. Calculate the remainder when (-4)/(-26) + 192/104 is divided by n.
0
Suppose 0 = 12*j - 17*j + 115. Calculate the remainder when j is divided by 5.
3
Let q(f) = -4 + 8*f + 15 - 7*f. Let o be q(-5). Suppose -3*i - 75 = -o*i. Calculate the remainder when i is divided by 9.
7
Calculate the remainder when 441 is divided by ((-3)/6)/((-2)/148).
34
Let h(x) = 17*x - 8. Let j be h(7). Let u = j + -69. Calculate the remainder when u is divided by 15.
12
Suppose 3*h + 24 = -3*b, 0*b + 12 = h - 4*b. What is the remainder when 18 is divided by h/(-1)*2 - 3?
3
Let i(w) = w**3 - 3*w**2 - 5*w. Let h be i(4). Let p = -9 + h. Let v = 0 - p. What is the remainder when 24 is divided by v?
11
Let s(i) = -i + 4. Calculate the remainder w